REPLACE INTO `rvs_category` (`rvs_category_id`, `category_name`, `category_sh_name`) VALUES ('23', 'Import Template', 'it');
REPLACE INTO `rvs_charset` (`charset_id`, `charset_name`, `charset_value`, `xml_lang`) VALUES ('17', 'english', 'iso-8859-15', 'en');
REPLACE INTO `rvs_color` (`color_id`, `color_name`, `color_code`) VALUES ('8', 'Blue', '0000FF');
REPLACE INTO `rvs_color_group` (`color_group_id`, `color_id`) VALUES ('2', '8');
REPLACE INTO `rvs_color_group_name` (`color_group_id`, `default_color_id`) VALUES ('2', '8');
REPLACE INTO rvs_component (rvs_component_id,component_name,rvs_owner_usr_id,use_wysiwyg) VALUES ('4e981606cdd7e18564c7f284e18f50c6','Online_Form','fc20435ce8448cb39337ccfd57c5a414','1');
REPLACE INTO rvs_component (rvs_component_id,component_name,rvs_owner_usr_id,use_wysiwyg) VALUES ('700522a7bbdda899cba9cf8b37594d3a','PhotoGallery','fc20435ce8448cb39337ccfd57c5a414','0');
REPLACE INTO rvs_component (rvs_component_id,component_name,rvs_owner_usr_id,use_wysiwyg) VALUES ('e1c09e1bf2055e48f2b2209ebab67485','ComponentAndUserFramework','fc20435ce8448cb39337ccfd57c5a414','0');
REPLACE INTO rvs_user_component_config (rvs_project_page_id,rvs_component_id,component_config,component_value) VALUES ('276a78148c3e7dec5eb0bd826c36a2c3','700522a7bbdda899cba9cf8b37594d3a','zoomLevel','4');
REPLACE INTO rvs_user_component_config (rvs_project_page_id,rvs_component_id,component_config,component_value) VALUES ('276a78148c3e7dec5eb0bd826c36a2c3','700522a7bbdda899cba9cf8b37594d3a','viewImageThumbnailPerPage','40');
REPLACE INTO rvs_user_component_config (rvs_project_page_id,rvs_component_id,component_config,component_value) VALUES ('276a78148c3e7dec5eb0bd826c36a2c3','700522a7bbdda899cba9cf8b37594d3a','email','1');
REPLACE INTO rvs_user_component_config (rvs_project_page_id,rvs_component_id,component_config,component_value) VALUES ('276a78148c3e7dec5eb0bd826c36a2c3','700522a7bbdda899cba9cf8b37594d3a','myspace','1');
REPLACE INTO rvs_user_component_config (rvs_project_page_id,rvs_component_id,component_config,component_value) VALUES ('276a78148c3e7dec5eb0bd826c36a2c3','700522a7bbdda899cba9cf8b37594d3a','twitter','1');
REPLACE INTO rvs_user_component_config (rvs_project_page_id,rvs_component_id,component_config,component_value) VALUES ('276a78148c3e7dec5eb0bd826c36a2c3','700522a7bbdda899cba9cf8b37594d3a','transitionSpeed','2');
REPLACE INTO rvs_user_component_config (rvs_project_page_id,rvs_component_id,component_config,component_value) VALUES ('276a78148c3e7dec5eb0bd826c36a2c3','700522a7bbdda899cba9cf8b37594d3a','slideDelay','2sec');
REPLACE INTO rvs_user_component_config (rvs_project_page_id,rvs_component_id,component_config,component_value) VALUES ('276a78148c3e7dec5eb0bd826c36a2c3','700522a7bbdda899cba9cf8b37594d3a','slideEffect','fade');
REPLACE INTO rvs_user_component_config (rvs_project_page_id,rvs_component_id,component_config,component_value) VALUES ('276a78148c3e7dec5eb0bd826c36a2c3','700522a7bbdda899cba9cf8b37594d3a','waterMarkTextPosition','southeast');
REPLACE INTO rvs_user_component_config (rvs_project_page_id,rvs_component_id,component_config,component_value) VALUES ('276a78148c3e7dec5eb0bd826c36a2c3','700522a7bbdda899cba9cf8b37594d3a','createThumbnailBaseOn','gd');
REPLACE INTO rvs_user_component_config (rvs_project_page_id,rvs_component_id,component_config,component_value) VALUES ('276a78148c3e7dec5eb0bd826c36a2c3','700522a7bbdda899cba9cf8b37594d3a','facebook','1');
REPLACE INTO rvs_user_component_config (rvs_project_page_id,rvs_component_id,component_config,component_value) VALUES ('276a78148c3e7dec5eb0bd826c36a2c3','700522a7bbdda899cba9cf8b37594d3a','autoPlay','');
REPLACE INTO rvs_user_component_config (rvs_project_page_id,rvs_component_id,component_config,component_value) VALUES ('276a78148c3e7dec5eb0bd826c36a2c3','700522a7bbdda899cba9cf8b37594d3a','waterMarkTextColor','#736F6E');
REPLACE INTO rvs_user_component_config (rvs_project_page_id,rvs_component_id,component_config,component_value) VALUES ('276a78148c3e7dec5eb0bd826c36a2c3','700522a7bbdda899cba9cf8b37594d3a','waterMarkText','');
REPLACE INTO rvs_user_component_config (rvs_project_page_id,rvs_component_id,component_config,component_value) VALUES ('276a78148c3e7dec5eb0bd826c36a2c3','700522a7bbdda899cba9cf8b37594d3a','enableWaterMark','');
REPLACE INTO rvs_user_component_config (rvs_project_page_id,rvs_component_id,component_config,component_value) VALUES ('276a78148c3e7dec5eb0bd826c36a2c3','700522a7bbdda899cba9cf8b37594d3a','listOrderImg','1');
REPLACE INTO rvs_user_component_config (rvs_project_page_id,rvs_component_id,component_config,component_value) VALUES ('276a78148c3e7dec5eb0bd826c36a2c3','700522a7bbdda899cba9cf8b37594d3a','backgroundThumbnailView','#FFFFFF');
REPLACE INTO rvs_user_component_config (rvs_project_page_id,rvs_component_id,component_config,component_value) VALUES ('276a78148c3e7dec5eb0bd826c36a2c3','700522a7bbdda899cba9cf8b37594d3a','thumbBorderColor','#736F6E');
REPLACE INTO rvs_user_component_config (rvs_project_page_id,rvs_component_id,component_config,component_value) VALUES ('276a78148c3e7dec5eb0bd826c36a2c3','700522a7bbdda899cba9cf8b37594d3a','thumbBorder','2');
REPLACE INTO rvs_user_component_config (rvs_project_page_id,rvs_component_id,component_config,component_value) VALUES ('276a78148c3e7dec5eb0bd826c36a2c3','700522a7bbdda899cba9cf8b37594d3a','qualityThumb','75');
REPLACE INTO rvs_user_component_config (rvs_project_page_id,rvs_component_id,component_config,component_value) VALUES ('276a78148c3e7dec5eb0bd826c36a2c3','700522a7bbdda899cba9cf8b37594d3a','thumbnailImagesSize','120');
REPLACE INTO rvs_user_component_config (rvs_project_page_id,rvs_component_id,component_config,component_value) VALUES ('276a78148c3e7dec5eb0bd826c36a2c3','700522a7bbdda899cba9cf8b37594d3a','showAlbumDescription','1');
REPLACE INTO rvs_user_component_config (rvs_project_page_id,rvs_component_id,component_config,component_value) VALUES ('276a78148c3e7dec5eb0bd826c36a2c3','700522a7bbdda899cba9cf8b37594d3a','showPhotoDescrition','1');
REPLACE INTO rvs_user_component_config (rvs_project_page_id,rvs_component_id,component_config,component_value) VALUES ('276a78148c3e7dec5eb0bd826c36a2c3','700522a7bbdda899cba9cf8b37594d3a','resizeByImageSize','700');
REPLACE INTO rvs_user_component_config (rvs_project_page_id,rvs_component_id,component_config,component_value) VALUES ('276a78148c3e7dec5eb0bd826c36a2c3','700522a7bbdda899cba9cf8b37594d3a','showOriginalImage','');
REPLACE INTO rvs_user_component_config (rvs_project_page_id,rvs_component_id,component_config,component_value) VALUES ('276a78148c3e7dec5eb0bd826c36a2c3','700522a7bbdda899cba9cf8b37594d3a','allowKeepOriginalImage','');
REPLACE INTO rvs_user_component_config (rvs_project_page_id,rvs_component_id,component_config,component_value) VALUES ('276a78148c3e7dec5eb0bd826c36a2c3','700522a7bbdda899cba9cf8b37594d3a','viewImageFullSize','1');
REPLACE INTO rvs_user_component_config (rvs_project_page_id,rvs_component_id,component_config,component_value) VALUES ('276a78148c3e7dec5eb0bd826c36a2c3','700522a7bbdda899cba9cf8b37594d3a','viewImageFitSize','1');
REPLACE INTO rvs_component_config (rvs_component_id,component_config,component_value) VALUES ('4e981606cdd7e18564c7f284e18f50c6','active','1');
REPLACE INTO rvs_component_config (rvs_component_id,component_config,component_value) VALUES ('4e981606cdd7e18564c7f284e18f50c6','isResellerConfig','1');
REPLACE INTO rvs_component_config (rvs_component_id,component_config,component_value) VALUES ('700522a7bbdda899cba9cf8b37594d3a','active','1');
REPLACE INTO rvs_component_config (rvs_component_id,component_config,component_value) VALUES ('700522a7bbdda899cba9cf8b37594d3a','isResellerConfig','1');
REPLACE INTO rvs_component_config (rvs_component_id,component_config,component_value) VALUES ('e1c09e1bf2055e48f2b2209ebab67485','active','1');
REPLACE INTO rvs_component_config (rvs_component_id,component_config,component_value) VALUES ('e1c09e1bf2055e48f2b2209ebab67485','isResellerConfig','0');
REPLACE INTO `rvs_font` (`font_id`, `font_name`) VALUES ('12', 'Verdana');
REPLACE INTO `forms` (`id`, `username`, `title`, `height`, `status`) VALUES ('79a58e8f7766e6c8089c523a0f9331f4', 'cbdb9a37f726be9b37fc1e8b5f04dd42', 'contact us', '40', 'Enabled');
REPLACE INTO `questions` (`form_id`, `id`, `order`, `type`) VALUES ('79a58e8f7766e6c8089c523a0f9331f4', '0', '1', 'control_textbox');
REPLACE INTO `questions` (`form_id`, `id`, `order`, `type`) VALUES ('79a58e8f7766e6c8089c523a0f9331f4', '1', '2', 'control_textbox');
REPLACE INTO `questions` (`form_id`, `id`, `order`, `type`) VALUES ('79a58e8f7766e6c8089c523a0f9331f4', '2', '3', 'control_textbox');
REPLACE INTO `questions` (`form_id`, `id`, `order`, `type`) VALUES ('79a58e8f7766e6c8089c523a0f9331f4', '7', '5', 'control_textarea');
REPLACE INTO `questions` (`form_id`, `id`, `order`, `type`) VALUES ('79a58e8f7766e6c8089c523a0f9331f4', '8', '6', 'control_button');
REPLACE INTO `questions` (`form_id`, `id`, `order`, `type`) VALUES ('79a58e8f7766e6c8089c523a0f9331f4', '12', '4', 'control_textbox');
REPLACE INTO `question_properties` (`form_id`, `question_id`, `prop`, `value`) VALUES ('79a58e8f7766e6c8089c523a0f9331f4', '0', 'desc', NULL);
REPLACE INTO `question_properties` (`form_id`, `question_id`, `prop`, `value`) VALUES ('79a58e8f7766e6c8089c523a0f9331f4', '0', 'maxsize', '100');
REPLACE INTO `question_properties` (`form_id`, `question_id`, `prop`, `value`) VALUES ('79a58e8f7766e6c8089c523a0f9331f4', '0', 'required', 'yes');
REPLACE INTO `question_properties` (`form_id`, `question_id`, `prop`, `value`) VALUES ('79a58e8f7766e6c8089c523a0f9331f4', '0', 'size', '20');
REPLACE INTO `question_properties` (`form_id`, `question_id`, `prop`, `value`) VALUES ('79a58e8f7766e6c8089c523a0f9331f4', '0', 'text', 'First Name');
REPLACE INTO `question_properties` (`form_id`, `question_id`, `prop`, `value`) VALUES ('79a58e8f7766e6c8089c523a0f9331f4', '0', 'validation', 'no');
REPLACE INTO `question_properties` (`form_id`, `question_id`, `prop`, `value`) VALUES ('79a58e8f7766e6c8089c523a0f9331f4', '1', 'desc', NULL);
REPLACE INTO `question_properties` (`form_id`, `question_id`, `prop`, `value`) VALUES ('79a58e8f7766e6c8089c523a0f9331f4', '1', 'maxsize', '100');
REPLACE INTO `question_properties` (`form_id`, `question_id`, `prop`, `value`) VALUES ('79a58e8f7766e6c8089c523a0f9331f4', '1', 'required', 'yes');
REPLACE INTO `question_properties` (`form_id`, `question_id`, `prop`, `value`) VALUES ('79a58e8f7766e6c8089c523a0f9331f4', '1', 'size', '20');
REPLACE INTO `question_properties` (`form_id`, `question_id`, `prop`, `value`) VALUES ('79a58e8f7766e6c8089c523a0f9331f4', '1', 'text', 'Last Name');
REPLACE INTO `question_properties` (`form_id`, `question_id`, `prop`, `value`) VALUES ('79a58e8f7766e6c8089c523a0f9331f4', '1', 'validation', 'no');
REPLACE INTO `question_properties` (`form_id`, `question_id`, `prop`, `value`) VALUES ('79a58e8f7766e6c8089c523a0f9331f4', '2', 'desc', NULL);
REPLACE INTO `question_properties` (`form_id`, `question_id`, `prop`, `value`) VALUES ('79a58e8f7766e6c8089c523a0f9331f4', '2', 'maxsize', '100');
REPLACE INTO `question_properties` (`form_id`, `question_id`, `prop`, `value`) VALUES ('79a58e8f7766e6c8089c523a0f9331f4', '2', 'required', 'yes');
REPLACE INTO `question_properties` (`form_id`, `question_id`, `prop`, `value`) VALUES ('79a58e8f7766e6c8089c523a0f9331f4', '2', 'size', '20');
REPLACE INTO `question_properties` (`form_id`, `question_id`, `prop`, `value`) VALUES ('79a58e8f7766e6c8089c523a0f9331f4', '2', 'text', 'E-mail');
REPLACE INTO `question_properties` (`form_id`, `question_id`, `prop`, `value`) VALUES ('79a58e8f7766e6c8089c523a0f9331f4', '2', 'validation', 'Email');
REPLACE INTO `question_properties` (`form_id`, `question_id`, `prop`, `value`) VALUES ('79a58e8f7766e6c8089c523a0f9331f4', '7', 'cols', '35');
REPLACE INTO `question_properties` (`form_id`, `question_id`, `prop`, `value`) VALUES ('79a58e8f7766e6c8089c523a0f9331f4', '7', 'desc', NULL);
REPLACE INTO `question_properties` (`form_id`, `question_id`, `prop`, `value`) VALUES ('79a58e8f7766e6c8089c523a0f9331f4', '7', 'required', 'yes');
REPLACE INTO `question_properties` (`form_id`, `question_id`, `prop`, `value`) VALUES ('79a58e8f7766e6c8089c523a0f9331f4', '7', 'rows', '10');
REPLACE INTO `question_properties` (`form_id`, `question_id`, `prop`, `value`) VALUES ('79a58e8f7766e6c8089c523a0f9331f4', '7', 'text', 'Your Message');
REPLACE INTO `question_properties` (`form_id`, `question_id`, `prop`, `value`) VALUES ('79a58e8f7766e6c8089c523a0f9331f4', '7', 'validation', 'no');
REPLACE INTO `question_properties` (`form_id`, `question_id`, `prop`, `value`) VALUES ('79a58e8f7766e6c8089c523a0f9331f4', '8', 'clear', 'no');
REPLACE INTO `question_properties` (`form_id`, `question_id`, `prop`, `value`) VALUES ('79a58e8f7766e6c8089c523a0f9331f4', '8', 'submittext', 'Submit');
REPLACE INTO `question_properties` (`form_id`, `question_id`, `prop`, `value`) VALUES ('79a58e8f7766e6c8089c523a0f9331f4', '8', 'text', NULL);
REPLACE INTO `question_properties` (`form_id`, `question_id`, `prop`, `value`) VALUES ('79a58e8f7766e6c8089c523a0f9331f4', '12', 'desc', NULL);
REPLACE INTO `question_properties` (`form_id`, `question_id`, `prop`, `value`) VALUES ('79a58e8f7766e6c8089c523a0f9331f4', '12', 'maxsize', '100');
REPLACE INTO `question_properties` (`form_id`, `question_id`, `prop`, `value`) VALUES ('79a58e8f7766e6c8089c523a0f9331f4', '12', 'required', 'no');
REPLACE INTO `question_properties` (`form_id`, `question_id`, `prop`, `value`) VALUES ('79a58e8f7766e6c8089c523a0f9331f4', '12', 'size', '20');
REPLACE INTO `question_properties` (`form_id`, `question_id`, `prop`, `value`) VALUES ('79a58e8f7766e6c8089c523a0f9331f4', '12', 'text', 'Phone');
REPLACE INTO `question_properties` (`form_id`, `question_id`, `prop`, `value`) VALUES ('79a58e8f7766e6c8089c523a0f9331f4', '12', 'validation', 'no');
REPLACE INTO `question_properties` (`form_id`, `question_id`, `prop`, `value`) VALUES ('79a58e8f7766e6c8089c523a0f9331f4', '999', 'alignment', 'default');
REPLACE INTO `question_properties` (`form_id`, `question_id`, `prop`, `value`) VALUES ('79a58e8f7766e6c8089c523a0f9331f4', '999', 'background', 'white');
REPLACE INTO `question_properties` (`form_id`, `question_id`, `prop`, `value`) VALUES ('79a58e8f7766e6c8089c523a0f9331f4', '999', 'conf_body', 'Thanks for submitting our form, we will get back to you as soon as possible.');
REPLACE INTO `question_properties` (`form_id`, `question_id`, `prop`, `value`) VALUES ('79a58e8f7766e6c8089c523a0f9331f4', '999', 'conf_send', 'no');
REPLACE INTO `question_properties` (`form_id`, `question_id`, `prop`, `value`) VALUES ('79a58e8f7766e6c8089c523a0f9331f4', '999', 'conf_subj', 'Submission Received');
REPLACE INTO `question_properties` (`form_id`, `question_id`, `prop`, `value`) VALUES ('79a58e8f7766e6c8089c523a0f9331f4', '999', 'disabled', 'Enabled');
REPLACE INTO `question_properties` (`form_id`, `question_id`, `prop`, `value`) VALUES ('79a58e8f7766e6c8089c523a0f9331f4', '999', 'email', 'yes');
REPLACE INTO `question_properties` (`form_id`, `question_id`, `prop`, `value`) VALUES ('79a58e8f7766e6c8089c523a0f9331f4', '999', 'font', 'Verdana');
REPLACE INTO `question_properties` (`form_id`, `question_id`, `prop`, `value`) VALUES ('79a58e8f7766e6c8089c523a0f9331f4', '999', 'fontcolor', 'black');
REPLACE INTO `question_properties` (`form_id`, `question_id`, `prop`, `value`) VALUES ('79a58e8f7766e6c8089c523a0f9331f4', '999', 'fontsize', '12');
REPLACE INTO `question_properties` (`form_id`, `question_id`, `prop`, `value`) VALUES ('79a58e8f7766e6c8089c523a0f9331f4', '999', 'not_subj', 'New Submission: {qForm Title}');
REPLACE INTO `question_properties` (`form_id`, `question_id`, `prop`, `value`) VALUES ('79a58e8f7766e6c8089c523a0f9331f4', '999', 'sendpostdata', 'no');
REPLACE INTO `question_properties` (`form_id`, `question_id`, `prop`, `value`) VALUES ('79a58e8f7766e6c8089c523a0f9331f4', '999', 'spamcheck', 'Enabled');
REPLACE INTO `question_properties` (`form_id`, `question_id`, `prop`, `value`) VALUES ('79a58e8f7766e6c8089c523a0f9331f4', '999', 'theme', 'Default');
REPLACE INTO `question_utf8` (`form_id`, `utf8format`) VALUES ('79a58e8f7766e6c8089c523a0f9331f4', '1');
REPLACE INTO `rvs_layout_template` (`layout_template_id`, `layout_template_name`, `layout_template_data`, `layout_template_desc`, `layout_template_preview`, `layout_template_head`, `layout_group_id`) VALUES ('b5e35372e5c8a791b968b9f4ba97c9c4', 'General style 3', '<!-- ####### LAYOUT CSS: MODIFY COLOR, FONT AND BOX SIZE HERE BUT DO NOT DELETE. ####### -->\r\n\r\n<style type=\"text/css\">\r\n.type03bulletpad{\r\n		padding:5px 2px 0px 2px;\r\n		text-align:center;\r\n}\r\n.type03head{  \r\n		font-size:110%;\r\n		color:#313131;\r\n		font-weight:bold;\r\n		padding:0px 5px 7px 0px;\r\n}\r\n.type03line{\r\n		background-image:url(images/line.gif); \r\n		background-position: center; \r\n		background-repeat:repeat-x; \r\n		height:10px;\r\n}\r\n.type03bggray{background-color:#B5B5B5;\r\n}\r\n.type03bggray02{background-color:#E5E5E5;\r\n}\r\n.type03bgwhite{background-color:#FFFFFF;\r\n}\r\n.type03imgpadding{padding:9px 0px 15px 0px;\r\n}\r\n</style>\r\n<!-- ########################### END CSS LAYOUT ###########################  -->\r\n<table cellpadding=\"0\" cellspacing=\"0\" width=\"100%\">\r\n	  <tr>\r\n		<td align=\"left\" valign=\"top\">\r\n			<table cellpadding=\"0\" cellspacing=\"0\" width=\"100%\" class=\"type03bggray\">\r\n				<tr>\r\n					<td align=\"left\" valign=\"top\"><img src=\"images/corner01.gif\" alt=\"\" width=\"6\" height=\"6\" /></td>\r\n					<td width=\"99%\"></td>\r\n					<td align=\"right\" valign=\"top\"><img src=\"images/corner02.gif\" alt=\"\" width=\"7\" height=\"6\" /></td>\r\n				</tr>\r\n				<tr>\r\n					<td></td>\r\n					<td align=\"left\" valign=\"top\">\r\n						<table cellpadding=\"0\" cellspacing=\"0\" width=\"100%\" class=\"type03bgwhite\">\r\n							<tr>\r\n								<td align=\"left\" valign=\"top\"><img src=\"images/corner05.gif\" alt=\"\" width=\"7\" height=\"6\" /></td>\r\n								<td width=\"99%\"></td>\r\n								<td align=\"right\" valign=\"top\"><img src=\"images/corner06.gif\" alt=\"\" width=\"6\" height=\"6\" /></td>\r\n							</tr>\r\n							<tr>\r\n								<td></td>\r\n								<td align=\"left\" valign=\"top\">\r\n									<table cellpadding=\"0\" cellspacing=\"0\" width=\"100%\">\r\n										<tr>\r\n										  <td align=\"left\" valign=\"top\" width=\"33%\" class=\"type03bgwhite\">\r\n										  	<table cellpadding=\"0\" cellspacing=\"0\" width=\"100%\" class=\"type03bgwhite\">\r\n												<tr>\r\n												  <td class=\"type03imgpadding\" colspan=\"2\" align=\"left\"><img src=\"images/180x60.gif\" alt=\"\" width=\"180\" height=\"60\" /></td>\r\n												</tr>\r\n												<tr>\r\n												  <td class=\"type03bulletpad\" valign=\"top\" align=\"center\" width=\"5%\"><img src=\"images/arrow.gif\" alt=\"\" width=\"7\" height=\"5\" /></td>\r\n												  <td width=\"95%\" align=\"left\" valign=\"top\">\r\n												  	<div align=\"left\" class=\"type03head\">Lorem ipsum</div>\r\n													<div align=\"left\">dolor sit amet, consetetur sadipscing elitr, sed diam nonumy eirmod tempor invidunt ut labore et dolore magna aliquyam erat, sed diam voluptua.\r\n													</div>\r\n												 </td>\r\n												</tr>\r\n											</table>\r\n										  </td>\r\n										  <td align=\"left\" valign=\"top\" class=\"type03bgwhite\">\r\n										  	<table cellpadding=\"0\" cellspacing=\"0\" width=\"100%\" class=\"type03bgwhite\">\r\n												<tr>\r\n												  <td class=\"type03imgpadding\" colspan=\"2\" align=\"left\"><img src=\"images/180x60.gif\" alt=\"\" width=\"180\" height=\"60\" /></td>\r\n												</tr>\r\n												<tr>\r\n												  <td class=\"type03bulletpad\" valign=\"top\" align=\"center\" width=\"5%\"><img src=\"images/arrow.gif\" alt=\"\" width=\"7\" height=\"5\" /></td>\r\n												  <td width=\"95%\" align=\"left\" valign=\"top\">\r\n												  	<div align=\"left\" class=\"type03head\">Lorem ipsum</div>\r\n													<div align=\"left\">dolor sit amet, consetetur sadipscing elitr, sed diam nonumy eirmod tempor invidunt ut labore et dolore magna aliquyam erat, sed diam voluptua.													</div>												 </td>\r\n												</tr>\r\n											</table>\r\n										  </td>\r\n										  <td align=\"left\" valign=\"top\" width=\"33%\" class=\"type03bgwhite\">\r\n										  	<table cellpadding=\"0\" cellspacing=\"0\" width=\"100%\" class=\"type03bgwhite\">\r\n												<tr>\r\n												  <td class=\"type03imgpadding\" colspan=\"2\" align=\"left\"><img src=\"images/180x60.gif\" alt=\"\" width=\"180\" height=\"60\" /></td>\r\n												</tr>\r\n												<tr>\r\n												  <td class=\"type03bulletpad\" valign=\"top\" align=\"center\" width=\"5%\"><img src=\"images/arrow.gif\" alt=\"\" width=\"7\" height=\"5\" /></td>\r\n												  <td width=\"95%\" align=\"left\" valign=\"top\">\r\n												  	<div align=\"left\" class=\"type03head\">Lorem ipsum</div>\r\n													<div align=\"left\">dolor sit amet, consetetur sadipscing elitr, sed diam nonumy eirmod tempor invidunt ut labore et dolore magna aliquyam erat, sed diam voluptua.\r\n													</div>\r\n												 </td>\r\n												</tr>\r\n											</table>\r\n										  </td>\r\n										</tr>\r\n										\r\n										<tr>\r\n										  <td align=\"left\" valign=\"top\" width=\"33%\" class=\"type03bgwhite\">\r\n										  	<table cellpadding=\"0\" cellspacing=\"0\" width=\"100%\" class=\"type03bgwhite\">\r\n												<tr>\r\n												  <td class=\"type03imgpadding\" colspan=\"2\" align=\"left\"><img src=\"images/180x60.gif\" alt=\"\" width=\"180\" height=\"60\" /></td>\r\n												</tr>\r\n												<tr>\r\n												  <td class=\"type03bulletpad\" valign=\"top\" align=\"center\" width=\"5%\"><img src=\"images/arrow.gif\" alt=\"\" width=\"7\" height=\"5\" /></td>\r\n												  <td width=\"95%\" align=\"left\" valign=\"top\">\r\n												  	<div align=\"left\" class=\"type03head\">Lorem ipsum</div>\r\n													<div align=\"left\">dolor sit amet, consetetur sadipscing elitr, sed diam nonumy eirmod tempor invidunt ut labore et dolore magna aliquyam erat, sed diam voluptua.\r\n													</div>\r\n												 </td>\r\n												</tr>\r\n											</table>\r\n										  </td>\r\n										  <td align=\"left\" valign=\"top\" class=\"type03bgwhite\">\r\n										  	<table cellpadding=\"0\" cellspacing=\"0\" width=\"100%\" class=\"type03bgwhite\">\r\n												<tr>\r\n												  <td class=\"type03imgpadding\" colspan=\"2\" align=\"left\"><img src=\"images/180x60.gif\" alt=\"\" width=\"180\" height=\"60\" /></td>\r\n												</tr>\r\n												<tr>\r\n												  <td class=\"type03bulletpad\" valign=\"top\" align=\"center\" width=\"5%\"><img src=\"images/arrow.gif\" alt=\"\" width=\"7\" height=\"5\" /></td>\r\n												  <td width=\"95%\" align=\"left\" valign=\"top\">\r\n												  	<div align=\"left\" class=\"type03head\">Lorem ipsum</div>\r\n													<div align=\"left\">dolor sit amet, consetetur sadipscing elitr, sed diam nonumy eirmod tempor invidunt ut labore et dolore magna aliquyam erat, sed diam voluptua.\r\n													</div>\r\n												 </td>\r\n												</tr>\r\n											</table>\r\n										  </td>\r\n										  <td align=\"left\" valign=\"top\" width=\"33%\" class=\"type03bgwhite\">\r\n										  	<table cellpadding=\"0\" cellspacing=\"0\" width=\"100%\" class=\"type03bgwhite\">\r\n												<tr>\r\n												  <td class=\"type03imgpadding\" colspan=\"2\" align=\"left\"><img src=\"images/180x60.gif\" alt=\"\" width=\"180\" height=\"60\" /></td>\r\n												</tr>\r\n												<tr>\r\n												  <td class=\"type03bulletpad\" valign=\"top\" align=\"center\" width=\"5%\"><img src=\"images/arrow.gif\" alt=\"\" width=\"7\" height=\"5\" /></td>\r\n												  <td width=\"95%\" align=\"left\" valign=\"top\">\r\n												  	<div align=\"left\" class=\"type03head\">Lorem ipsum</div>\r\n													<div align=\"left\">dolor sit amet, consetetur sadipscing elitr, sed diam nonumy eirmod tempor invidunt ut labore et dolore magna aliquyam erat, sed diam voluptua.\r\n													</div>\r\n												 </td>\r\n												</tr>\r\n											</table>\r\n										  </td>\r\n										</tr>\r\n									</table>\r\n								</td>\r\n								<td></td>\r\n							</tr>\r\n							<tr>\r\n								<td align=\"left\" valign=\"bottom\"><img src=\"images/corner07.gif\" alt=\"\" width=\"7\" height=\"6\" /></td>\r\n								<td></td>\r\n								<td align=\"right\" valign=\"bottom\"><img src=\"images/corner08.gif\" alt=\"\" width=\"6\" height=\"6\" /></td>\r\n							</tr>\r\n						</table>\r\n					</td>\r\n				</tr>\r\n				<tr><td height=\"6\"></td></tr>\r\n				<tr>\r\n					<td valign=\"top\"></td>\r\n					<td align=\"left\" valign=\"top\">\r\n						<table cellpadding=\"0\" cellspacing=\"0\" width=\"100%\" class=\"type03bgwhite\">\r\n							<tr>\r\n								<td align=\"left\" valign=\"top\"><img src=\"images/corner05.gif\" alt=\"\" width=\"6\" height=\"6\" /></td>\r\n								<td width=\"99%\"></td>\r\n								<td align=\"right\" valign=\"top\"><img src=\"images/corner06.gif\" alt=\"\" width=\"6\" height=\"6\" /></td>\r\n							</tr>\r\n							<tr>\r\n								<td></td>\r\n								<td align=\"left\" valign=\"top\">\r\n									<table cellpadding=\"0\" cellspacing=\"0\" width=\"100%\" class=\"type03bgwhite\">\r\n										<tr>\r\n										  <td align=\"left\" valign=\"top\">dolor sit amet, consetetur sadipscing elitr, sed diam nonumy eirmod tempor invidunt ut labore et dolore magna aliquyam erat, sed diam voluptua dolor sit amet, consetetur sadipscing elitr, sed diam nonumy eirmod tempor invidunt ut labore et dolore magna aliquyam erat, sed diam voluptua dolor sit amet, consetetur sadipscing elitr, sed diam nonumy eirmod tempor invidunt ut labore et dolore magna aliquyam erat, sed diam voluptua dolor sit amet, consetetur sadipscing elitr, sed diam nonumy eirmod tempor invidunt ut labore et dolore magna aliquyam erat, sed diam voluptua</td>\r\n										</tr>\r\n									</table>\r\n								</td>\r\n								<td></td>\r\n							</tr>\r\n							<tr>\r\n								<td height=\"7\" align=\"left\" valign=\"bottom\"><img src=\"images/corner07.gif\" alt=\"\" width=\"7\" height=\"6\" /></td>\r\n								<td></td>\r\n								<td align=\"right\" valign=\"bottom\"><img src=\"images/corner08.gif\" alt=\"\" width=\"6\" height=\"6\" /></td>\r\n							</tr>\r\n						</table>\r\n					</td>\r\n					<td></td>\r\n				</tr>\r\n				<tr>\r\n					<td align=\"left\" valign=\"bottom\"><img src=\"images/corner03.gif\" alt=\"\" width=\"6\" height=\"6\" /></td>\r\n					<td></td>\r\n					<td align=\"right\" valign=\"bottom\"><img src=\"images/corner04.gif\" alt=\"\" width=\"6\" height=\"6\" /></td>\r\n				</tr>\r\n			</table>\r\n		</td>\r\n	</tr>\r\n</table>', '', 'b_layout03.jpg', '', '3');
REPLACE INTO `rvs_layout_group` (`layout_group_id`, `layout_group_name`, `layout_category_id`) VALUES ('3', 'general style', '1');
REPLACE INTO `rvs_navigator` (`navigator_id`, `menustyle_id`, `navigator_name_id`) VALUES ('33', '1', '11');
REPLACE INTO `rvs_picture` (`picture_id`, `picture_name`) VALUES ('ecc7e20323221d5d4a0e5a8fc34554b0', 'DiyPicture');
REPLACE INTO rvs_project (project_id,project_info_id,rvs_usr_id,project_name,project_directory,utf8format) VALUES ('cbdb9a37f726be9b37fc1e8b5f04dd42','86c7f86dcbb1c572c51d523af7304b8b','bae85b85bb5ea35bde6de61b748c2ba6','lxkdglskdjg','','1');
REPLACE INTO `rvs_project_info` (`project_info_id`, `template_item_id`, `font_id`, `navigator_id`, `rvs_category_id`, `charset_id`, `project_company`, `project_slogan`, `project_logo`, `project_title`, `project_keyword`, `project_description`, `project_domain`, `check_step`, `effect_site_enter`, `duration_site_enter`, `last_update`, `layout_template_id`, `i_pathway`, `i_mail`, `i_print`, `i_favorite`, `no_slogan`, `no_company_name`, `navigator_name_id`, `is_member_page`) VALUES ('86c7f86dcbb1c572c51d523af7304b8b', '9890c4063b2c890f3142ffdb78a41fe7', '12', '36', '23', '17', 'lxkdglskdjg', '<div>kljslflskd</div>\r\n<div>sdfjhsldkflskdjf;s</div>\r\n<div>6354186134</div>\r\n<div>alsk;slsmasdfs</div>\r\n<div>&nbsp;</div>', '', 'sdfgdsfgd', '', '', 'carden.me', '5', NULL, NULL, '1386581345', 'b5e35372e5c8a791b968b9f4ba97c9c4', '0', '1', '1', '1', '0', '0', '999', '0');
REPLACE INTO `rvs_project_layout_page` (`project_id`, `project_page_id`, `parent_project_page_id`, `priority`, `is_home`) VALUES ('cbdb9a37f726be9b37fc1e8b5f04dd42', 'f6570f9a1ca620e2a2713b5792d199f4', '0', '1', '1');
REPLACE INTO `rvs_project_layout_page` (`project_id`, `project_page_id`, `parent_project_page_id`, `priority`, `is_home`) VALUES ('cbdb9a37f726be9b37fc1e8b5f04dd42', '72e6b7f4716837802c8a177b69ba0fd3', '0', '2', '0');
REPLACE INTO `rvs_project_layout_page` (`project_id`, `project_page_id`, `parent_project_page_id`, `priority`, `is_home`) VALUES ('cbdb9a37f726be9b37fc1e8b5f04dd42', '957f2918727f14f22a7328d5093d0932', '72e6b7f4716837802c8a177b69ba0fd3', '1', '0');
REPLACE INTO `rvs_project_layout_page` (`project_id`, `project_page_id`, `parent_project_page_id`, `priority`, `is_home`) VALUES ('cbdb9a37f726be9b37fc1e8b5f04dd42', '98d99cf508b6ee2bc14915e6638ed2e8', '72e6b7f4716837802c8a177b69ba0fd3', '2', '0');
REPLACE INTO `rvs_project_layout_page` (`project_id`, `project_page_id`, `parent_project_page_id`, `priority`, `is_home`) VALUES ('cbdb9a37f726be9b37fc1e8b5f04dd42', 'a2b229c72a7ec187c4b43f2e606ddda0', '0', '3', '0');
REPLACE INTO `rvs_project_layout_page` (`project_id`, `project_page_id`, `parent_project_page_id`, `priority`, `is_home`) VALUES ('cbdb9a37f726be9b37fc1e8b5f04dd42', 'c830f3f6735fd30cf7b76e84158608b6', '0', '4', '0');
REPLACE INTO `rvs_project_layout_page` (`project_id`, `project_page_id`, `parent_project_page_id`, `priority`, `is_home`) VALUES ('cbdb9a37f726be9b37fc1e8b5f04dd42', 'e3bca5deaa348f85e7d14f8af4f01544', '0', '5', '0');
REPLACE INTO `rvs_project_layout_page` (`project_id`, `project_page_id`, `parent_project_page_id`, `priority`, `is_home`) VALUES ('cbdb9a37f726be9b37fc1e8b5f04dd42', '276a78148c3e7dec5eb0bd826c36a2c3', '0', '6', '0');
REPLACE INTO `rvs_project_layout_page` (`project_id`, `project_page_id`, `parent_project_page_id`, `priority`, `is_home`) VALUES ('cbdb9a37f726be9b37fc1e8b5f04dd42', 'e7814dbb879455d93ad2876b0e3c5a2c', '0', '7', '0');
REPLACE INTO rvs_project_page (project_page_id,rvs_usr_id,page_name,custom_page_name,rvs_component_id,page_data,page_data_zone_2,page_data_zone_3,page_data_zone_4,colume_width_1,colume_width_2,colume_width_3,rvs_layout_id,head,page_title,meta_keyword,meta_description,effect_page_enter,duration_page_enter,meta_page_effect,rvs_link_id,target,form_template_id,i_pathway,i_mail,i_print,i_favorite,last_modifier,link_active,page_type,blank_page,set_draft,is_member_page) VALUES ('f6570f9a1ca620e2a2713b5792d199f4','bae85b85bb5ea35bde6de61b748c2ba6','Home','','0','<table bordercolor=\"#000000\" style=\"width: 100%; border-collapse: collapse\" border=\"1\" cellspacing=\"0\" cellpadding=\"3\" summary=\"\">\r\n<tbody>\r\n<tr valign=\"top\">\r\n<td>\r\n<div>&nbsp;</div></td>\r\n<td>\r\n<div>/New Ser jnlnlk&nbsp; l;k; </div></td>\r\n<td>\r\n<div>&nbsp;</div></td></tr>\r\n<tr valign=\"top\">\r\n<td>\r\n<div>&nbsp;</div></td>\r\n<td>\r\n<div><img width=\"181\" height=\"121\" title=\"\" alt=\"\" border=\"0\" src=\"{IMAGE_URL}/199437_avatar.gif\" />&nbsp;lkmcakmcaxcaz;jhihni<img width=\"300\" height=\"312\" title=\"\" alt=\"\" border=\"0\" src=\"{IMAGE_URL}/k449_White_Flat_Front_FS06.jpg\" /></div></td>\r\n<td>\r\n<div></div><br />\r\n</td></tr>\r\n<tr valign=\"top\">\r\n<td>\r\n<div>&nbsp;</div></td>\r\n<td>\r\n<div>mnlknl&nbsp;</div></td>\r\n<td>\r\n<div>&nbsp;</div></td></tr></tbody></table>',NULL,NULL,NULL,NULL,NULL,NULL,'1','',NULL,NULL,NULL,NULL,NULL,'','','','','0',NULL,NULL,NULL,'1383916379',NULL,NULL,'0','0','0');
REPLACE INTO rvs_project_page (project_page_id,rvs_usr_id,page_name,custom_page_name,rvs_component_id,page_data,page_data_zone_2,page_data_zone_3,page_data_zone_4,colume_width_1,colume_width_2,colume_width_3,rvs_layout_id,head,page_title,meta_keyword,meta_description,effect_page_enter,duration_page_enter,meta_page_effect,rvs_link_id,target,form_template_id,i_pathway,i_mail,i_print,i_favorite,last_modifier,link_active,page_type,blank_page,set_draft,is_member_page) VALUES ('72e6b7f4716837802c8a177b69ba0fd3','bae85b85bb5ea35bde6de61b748c2ba6','board of directors','','0','',NULL,NULL,NULL,NULL,NULL,NULL,'0','',NULL,NULL,NULL,NULL,NULL,'','','','','0',NULL,NULL,NULL,NULL,NULL,NULL,'0','0','0');
REPLACE INTO rvs_project_page (project_page_id,rvs_usr_id,page_name,custom_page_name,rvs_component_id,page_data,page_data_zone_2,page_data_zone_3,page_data_zone_4,colume_width_1,colume_width_2,colume_width_3,rvs_layout_id,head,page_title,meta_keyword,meta_description,effect_page_enter,duration_page_enter,meta_page_effect,rvs_link_id,target,form_template_id,i_pathway,i_mail,i_print,i_favorite,last_modifier,link_active,page_type,blank_page,set_draft,is_member_page) VALUES ('957f2918727f14f22a7328d5093d0932','bae85b85bb5ea35bde6de61b748c2ba6','board 1','board 15','0','',NULL,NULL,NULL,NULL,NULL,NULL,'0','',NULL,NULL,NULL,NULL,NULL,'','','','','0',NULL,NULL,NULL,NULL,NULL,NULL,'0','0','0');
REPLACE INTO rvs_project_page (project_page_id,rvs_usr_id,page_name,custom_page_name,rvs_component_id,page_data,page_data_zone_2,page_data_zone_3,page_data_zone_4,colume_width_1,colume_width_2,colume_width_3,rvs_layout_id,head,page_title,meta_keyword,meta_description,effect_page_enter,duration_page_enter,meta_page_effect,rvs_link_id,target,form_template_id,i_pathway,i_mail,i_print,i_favorite,last_modifier,link_active,page_type,blank_page,set_draft,is_member_page) VALUES ('98d99cf508b6ee2bc14915e6638ed2e8','bae85b85bb5ea35bde6de61b748c2ba6','board 2','board 26','0','',NULL,NULL,NULL,NULL,NULL,NULL,'0','',NULL,NULL,NULL,NULL,NULL,'','','','','0',NULL,NULL,NULL,NULL,NULL,NULL,'0','0','0');
REPLACE INTO rvs_project_page (project_page_id,rvs_usr_id,page_name,custom_page_name,rvs_component_id,page_data,page_data_zone_2,page_data_zone_3,page_data_zone_4,colume_width_1,colume_width_2,colume_width_3,rvs_layout_id,head,page_title,meta_keyword,meta_description,effect_page_enter,duration_page_enter,meta_page_effect,rvs_link_id,target,form_template_id,i_pathway,i_mail,i_print,i_favorite,last_modifier,link_active,page_type,blank_page,set_draft,is_member_page) VALUES ('a2b229c72a7ec187c4b43f2e606ddda0','bae85b85bb5ea35bde6de61b748c2ba6','Services','','0','',NULL,NULL,NULL,NULL,NULL,NULL,'1','',NULL,NULL,NULL,NULL,NULL,'','','','','0',NULL,NULL,NULL,NULL,NULL,NULL,'0','0','0');
REPLACE INTO rvs_project_page (project_page_id,rvs_usr_id,page_name,custom_page_name,rvs_component_id,page_data,page_data_zone_2,page_data_zone_3,page_data_zone_4,colume_width_1,colume_width_2,colume_width_3,rvs_layout_id,head,page_title,meta_keyword,meta_description,effect_page_enter,duration_page_enter,meta_page_effect,rvs_link_id,target,form_template_id,i_pathway,i_mail,i_print,i_favorite,last_modifier,link_active,page_type,blank_page,set_draft,is_member_page) VALUES ('c830f3f6735fd30cf7b76e84158608b6','bae85b85bb5ea35bde6de61b748c2ba6','Contact Us','','4e981606cdd7e18564c7f284e18f50c6','<img alt=\"\" class=\"jotForm\" id=\"DragAndDropForm_79a58e8f7766e6c8089c523a0f9331f4\" name=\"DragAndDropForm_79a58e8f7766e6c8089c523a0f9331f4\" src=\"{IMAGE_URL}/spacer.gif\" frmid=\"79a58e8f7766e6c8089c523a0f9331f4\" formtype=\"jotform\" height=\"600\" width=\"600\" align=\"center\" border=\"1\" /><br/>',NULL,NULL,NULL,NULL,NULL,NULL,'0','',NULL,NULL,NULL,NULL,NULL,'','','','','0',NULL,NULL,NULL,NULL,NULL,NULL,'0','0','0');
REPLACE INTO rvs_project_page (project_page_id,rvs_usr_id,page_name,custom_page_name,rvs_component_id,page_data,page_data_zone_2,page_data_zone_3,page_data_zone_4,colume_width_1,colume_width_2,colume_width_3,rvs_layout_id,head,page_title,meta_keyword,meta_description,effect_page_enter,duration_page_enter,meta_page_effect,rvs_link_id,target,form_template_id,i_pathway,i_mail,i_print,i_favorite,last_modifier,link_active,page_type,blank_page,set_draft,is_member_page) VALUES ('e3bca5deaa348f85e7d14f8af4f01544','bae85b85bb5ea35bde6de61b748c2ba6','About us','','0','',NULL,NULL,NULL,NULL,NULL,NULL,'1','',NULL,NULL,NULL,NULL,NULL,'','','','','0',NULL,NULL,NULL,NULL,NULL,NULL,'0','0','0');
REPLACE INTO rvs_project_page (project_page_id,rvs_usr_id,page_name,custom_page_name,rvs_component_id,page_data,page_data_zone_2,page_data_zone_3,page_data_zone_4,colume_width_1,colume_width_2,colume_width_3,rvs_layout_id,head,page_title,meta_keyword,meta_description,effect_page_enter,duration_page_enter,meta_page_effect,rvs_link_id,target,form_template_id,i_pathway,i_mail,i_print,i_favorite,last_modifier,link_active,page_type,blank_page,set_draft,is_member_page) VALUES ('276a78148c3e7dec5eb0bd826c36a2c3','bae85b85bb5ea35bde6de61b748c2ba6','Photo Gallery','','700522a7bbdda899cba9cf8b37594d3a','',NULL,NULL,NULL,NULL,NULL,NULL,'0','',NULL,NULL,NULL,NULL,NULL,'','','_self','','0',NULL,NULL,NULL,NULL,NULL,NULL,'0','0','0');
REPLACE INTO rvs_project_page (project_page_id,rvs_usr_id,page_name,custom_page_name,rvs_component_id,page_data,page_data_zone_2,page_data_zone_3,page_data_zone_4,colume_width_1,colume_width_2,colume_width_3,rvs_layout_id,head,page_title,meta_keyword,meta_description,effect_page_enter,duration_page_enter,meta_page_effect,rvs_link_id,target,form_template_id,i_pathway,i_mail,i_print,i_favorite,last_modifier,link_active,page_type,blank_page,set_draft,is_member_page) VALUES ('e7814dbb879455d93ad2876b0e3c5a2c','bae85b85bb5ea35bde6de61b748c2ba6','ComponentAndUserFramework','','e1c09e1bf2055e48f2b2209ebab67485','',NULL,NULL,NULL,NULL,NULL,NULL,'0','',NULL,NULL,NULL,NULL,NULL,'','','_self','','0',NULL,NULL,NULL,NULL,NULL,NULL,'0','0','0');
REPLACE INTO `rvs_publish` (`project_id`, `rvs_publish_protocal`, `rvs_publish_domain`, `rvs_publish_path`, `rvs_domain_path`) VALUES ('cbdb9a37f726be9b37fc1e8b5f04dd42', 'http', 'carden.me', '', '/home/pcarden/public_html');
REPLACE INTO `rvs_side_to_project` (`rvs_side_id`, `project_id`) VALUES ('d3af141181609eebf09cef40ac868f47', 'cbdb9a37f726be9b37fc1e8b5f04dd42');
REPLACE INTO `rvs_side` (`rvs_side_id`, `side_config`, `side_value`) VALUES ('d3af141181609eebf09cef40ac868f47', 'top', '<div><img id=\"fblike_5863229dccdaa636d63699cfc5a9d9c5\" class=\"fbLikebutton fb_light_standard\" border=\"1\" name=\"fblike_5863229dccdaa636d63699cfc5a9d9c5\" alt=\"facebook like\" src=\"/themes/default/sitebuilder/images5/spacer.gif\" data-layout=\"standard\" data-colorscheme=\"light\" data-width=\"450\" data-font=\"verdana\" data-show-faces=\"true\" data-send=\"true\" /><br />\r\n&nbsp;&nbsp;&nbsp;&nbsp;	\r\n<table style=\"width: 100%; border-collapse: collapse\" border=\"1\" cellspacing=\"0\" bordercolor=\"#000000\" summary=\"\" cellpadding=\"3\">\r\n<tbody>\r\n<tr valign=\"top\">\r\n<td>\r\n<div>&nbsp;</div></td>\r\n<td>\r\n<div>&nbsp;</div></td>\r\n<td>\r\n<div>&nbsp;</div></td></tr>\r\n<tr valign=\"top\">\r\n<td>\r\n<div>&nbsp;</div></td>\r\n<td>\r\n<div>&nbsp;<img title=\"\" alt=\"\" width=\"300\" height=\"312\" src=\"{IMAGE_URL}/k449_White_Flat_Front_FS06.jpg\" /></div></td>\r\n<td>\r\n<div>&nbsp;</div></td></tr>\r\n<tr valign=\"top\">\r\n<td>\r\n<div>&nbsp;</div></td>\r\n<td>\r\n<div>&nbsp;</div></td>\r\n<td>\r\n<div>&nbsp;</div></td></tr></tbody></table>&nbsp;</div>');
REPLACE INTO `rvs_template_item` (`template_item_id`, `products_id`, `template_id`, `template_item_folder`, `template_type_s_preview`, `color_id`, `picture_id`) VALUES ('9890c4063b2c890f3142ffdb78a41fe7', '23-644921-1', '9890c4063b2c890f3142ffdb78a41fe7', '23-644921-1_blue_DiyPicture_1', 'gif', '8', 'ecc7e20323221d5d4a0e5a8fc34554b0');
REPLACE INTO `rvs_template_item_navigator_color` (`template_item_id`, `custom_color_group_id`) VALUES ('9890c4063b2c890f3142ffdb78a41fe7', '2');
REPLACE INTO `rvs_template` (`template_id`, `default_template_item_id`, `default_template_item_id2`, `font_id`, `menustyle_id`, `navigator_id`, `default_layout_id`, `sort_priority`, `cdate`) VALUES ('9890c4063b2c890f3142ffdb78a41fe7', '9890c4063b2c890f3142ffdb78a41fe7', '', '12', '1', '33', '0', '599', '2053918800');
REPLACE INTO `rvs_menustyle` (`menustyle_id`, `menustyle_description`) VALUES ('1', 'vertical');
REPLACE INTO `rvs_template_categories_xref` (`template_id`, `rvs_category_id`) VALUES ('9890c4063b2c890f3142ffdb78a41fe7', '23');
REPLACE INTO `rvs_template_type_xref` (`template_id`, `template_type_id`) VALUES ('9890c4063b2c890f3142ffdb78a41fe7', '10');
REPLACE INTO `rvs_template_type` (`template_type_id`, `template_type_name`) VALUES ('10', 'DIY Template');
REPLACE INTO rvs_template_import (template_id,rvs_usr_id,private) VALUES ('9890c4063b2c890f3142ffdb78a41fe7','bae85b85bb5ea35bde6de61b748c2ba6','1');
REPLACE INTO rvs_usr (rvs_usr_id,user_name,charset_id) VALUES ('bae85b85bb5ea35bde6de61b748c2ba6','pcarden','0');
